e units digit of l?
3
Suppose 5*t + 5*x - 351 - 64 = 0, -5*x = -t + 53. What is the units digit of t?
8
Let i(r) = 12*r**3 + 2*r**2 - 2*r + 1. Let x be i(1). Let g = -1 + x. What is the tens digit of g?
1
Let h(t) = 49*t**2 + 4*t - 3. What is the units digit of h(2)?
1
Suppose -2*m + 2*h = 6, -4*m - 4*h + 10 = -2. Let s(v) = -v**3 + 2*v - v + 0 + 5. What is the units digit of s(m)?
5
Let w(i) be the second derivative of -i**5/20 + 7*i**4/6 - 2*i**3 - i. Let p = 1 - -12. What is the tens digit of w(p)?
1
Let o be (-16)/(-3)*6/4. Suppose w + o = 5*q, 2*q - 14 = w - 6*w. What is the units digit of q?
2
Let o(t) = t**2 + 4*t + 5. What is the tens digit of o(-9)?
5
Let r = 91 - 42. What is the units digit of r?
9
Suppose 3 = -2*f + 3*f. Let i = -2 - f. Let l(s) = -2*s - 6. What is the units digit of l(i)?
4
Let p(z) = z**2 - 7*z - 5. What is the units digit of p(8)?
3
What is the hundreds digit of (-16)/(-32)*(2 - -402)?
2
Let x(g) = -g**3 - 6*g**2 - g - 1. What is the units digit of x(-6)?
5
Let k = -10 + 15. What is the units digit of 230/k*1/2?
3
Let j be 27/12 - (-2)/(-8). Suppose -3*v - 5 = 5*x, 5*v - j*x = 3*x + 5. Suppose v = 2*t - 6*t + 68. What is the units digit of t?
7
Let l(t) = t**3 + 3*t**2 - t + 2. Let u be l(-3). Suppose 27 - 2 = u*z. Suppose 5*w = z*k + 2 - 12, -4*k - 5*w = -17. What is the units digit of k?
3
Let r(w) = w**3 - 5*w**2 + 4*w - 4. Let i be r(4). Let x(v) = -v - 3. Let h be x(i). What is the units digit of ((-2)/6)/(h/(-3))?
1
Let s be (3 - 4)/(4/(-52)). Let w be 1/(-2) + 1/(-2). What is the units digit of s*(0 - (-2 - w))?
3
Suppose 8 + 6 = 2*c. Suppose 5*o + 2*l + 104 + c = 0, 2*o = -4*l - 38. What is the units digit of 20/(-30) - o/3?
7
Suppose -36 = 3*x - 3. Let s = x + 7. What is the units digit of (3 + -4)*(s + 0)?
4
Let k(w) = -3*w**2 + 4*w - 2. Suppose -4*u = -2*u - 6. Let p be k(u). Let y = -6 - p. What is the units digit of y?
1
Let u = -44 + 93. What is the tens digit of u?
4
Suppose 0 = -0*g - 5*g - 20. Let y be (0 - 1)*2 - g. Let r = y + 0. What is the units digit of r?
2
Suppose 4*b - 29 = -j, b - 88 = -2*j + 3*b. What is the tens digit of j?
4
Let p(g) be the third derivative of -2*g**2 + 0*g + 0*g**3 + 0 - 7/24*g**4. What is the units digit of p(-1)?
7
Suppose 0 = -2*q - 3*j + 7, 10 + 14 = -q + 4*j. Let f = 7 + -5. Let s = f - q. What is the units digit of s?
6
Let q be 3/(24/(-20))*-2. Suppose -4*n + 2*z = 5 - 3, -2*z = -q*n. What is the units digit of n?
2
Let n be ((-8)/12)/(2/(-6)). Suppose 2*k = 2, 2*m - 6*k = -n*k + 36. What is the tens digit of m?
2
Suppose 2*r + 4*s = -42, 5*r + 7*s - 2*s = -125. Let h = r - -48. What is the units digit of h?
9
Suppose 5*x = 2*b - 2, 3*b = 4*b + 5*x - 31. Suppose a + 0 = 3*c + 9, 0 = 4*a + 4*c - 4. Suppose -b = a*y - 4*y. What is the units digit of y?
1
Suppose -2*v - 3*v - 4 = -k, 4*v = -3*k + 88. Suppose q = -q + k. Suppose 5*c = -q + 62. What is the tens digit of c?
1
Let i be (1 + 0)*4/2. Let a(m) = 6*m**3 - 2*m**2 + m. What is the units digit of a(i)?
2
Suppose y - 2*y = -12. Let b(l) = 2*l**2 + l**3 + 5*l**2 + 4 - y - l - 9*l. What is the units digit of b(-8)?
8
What is the hundreds digit of ((-1)/1 - -3) + (-2100)/(-14)?
1
Let r = 20 - 15. Suppose 0 = j - r*u + 7, u + 4 = 4*j - 6. What is the units digit of j?
3
Let t(b) be the first derivative of -b**2 - 11*b + 1. What is the units digit of t(-8)?
5
Let v = -10 + 16. Suppose t - v = 3*t. Let g = t - -5. What is the units digit of g?
2
Let k = 4 + -2. Suppose -4 = -w - k. Suppose -w*g - 2 = -4*g. What is the units digit of g?
1
Let t = -75 + 110. What is the tens digit of t?
3
Suppose x = 2*o - 16, 3*x - 2*x - 8 = -4*o. Let s = 13 + x. Suppose 2 = 2*h, -4*y - 4*h + 27 = -s*h. What is the units digit of y?
7
Let i be 312/(-15) + 1/(-5). Let o = i + 38. What is the tens digit of o?
1
Let q = 29 + 9. What is the units digit of (q/(-8))/(4/(-16))?
9
Suppose 0 = 3*i - 9, -2*c - 3*i + 25 = 2*c. Let y = c + -1. Let f = 7 - y. What is the units digit of f?
4
Suppose -2*v = 2*v - 72. What is the units digit of v?
8
Let q = 1 + 5. Suppose -q = -7*i + 5*i. Let f(r) = -r**2 + 7*r. What is the units digit of f(i)?
2
Suppose -4*s - 9 = -3*m, m + s + 0 - 3 = 0. Suppose 2*f - 10 = -m*f. Suppose 5*w = -4*u + 17, -2*u + f*w - 3*w = -7. What is the units digit of u?
3
Let o(h) = 9*h**2 - 3 + 5 - 4*h**2 - 2*h. What is the tens digit of o(2)?
1
Let w(c) = 3*c + 8. Let t(r) = -r**2 + r + 5. Let v be t(0). What is the units digit of w(v)?
3
Let m = -18 - -172. What is the hundreds digit of m?
1
Suppose -4*z + z = 0. Suppose -3*x + 21 = -z*x. Suppose t = -3*n + 16, n - t - x = -3*t. What is the units digit of n?
5
Suppose 7 = v - 2*w, 0 = 2*v + 4*w + 1 + 1. Let f = 5 + 0. Suppose v*o - 11 = -2*d, f*d - 75 = -0*d + 2*o. What is the tens digit of d?
1
Let m = -4 + 8. Suppose -3*f + 5*t = -52, -m*t + 2*t = -3*f + 55. Let y = -12 + f. What is the units digit of y?
7
Let r be (1*-2)/(-4 + 3). Suppose -130 = -0*y - r*y. Suppose 0 = -c - 4*c + y. What is the tens digit of c?
1
Let x(g) = -2*g - 3. Let q be x(-2). Let h(a) = a + 9. Let i be h(-8). Let d = q + i. What is the units digit of d?
2
Suppose 1734 = 5*u + 379. What is the tens digit of u?
7
Let y(j) = 0*j**3 + 0*j**2 - 4*j**2 + 1 - j**3 - j. Suppose -2*i - 4 = -i + 4*h, -2*i + 2*h = 8. What is the units digit of y(i)?
5
Let i(v) be the first derivative of 2*v**3/3 - v**2/2 + v + 2. Let j = 5 + -3. What is the units digit of i(j)?
7
Suppose -155 = -0*p - 5*p. What is the tens digit of p - (-2 - -1) - 2?
3
Suppose -6*i + 164 = 4*l - 3*i, 4*l + i = 172. What is the tens digit of l?
4
Let k(m) be the first derivative of -m**4/12 + 5*m**3/6 + 3*m**2/2 + 2*m + 2. Let o(j) be the first derivative of k(j). What is the units digit of o(4)?
7
Let x(c) = -2*c + 6. Let d be x(4). Let s(j) = j**2 - 2*j - 1. What is the units digit of s(d)?
7
Let d = 10 + -5. Let m(y) = -y**3 + 6*y**2 - 2*y + 3. What is the units digit of m(d)?
8
Suppose 0*a + 3*f = -2*a + 19, -3*a + 21 = 3*f. Suppose -5*x - 5 = -3*d, a*d - 20 = -2*x - 3*x. What is the tens digit of (-64)/(-5) - (-1)/d?
1
Let m(s) = 2*s**2 - s - 22. What is the units digit of m(-5)?
3
Let v(r) = -r**3 + 2*r + 57. What is the units digit of v(0)?
7
Suppose 3*b = 2*p + 15 - 45, -2*b - 2*p = 10. Let h = 5 + b. What is the units digit of (9/6)/(h/(-16))?
8
Suppose s = -4*g + 33, 96 = 4*s - 2*g + 6*g. What is the tens digit of s?
2
Suppose -105 = -2*k + 3*z, -z = 2 + 3. Let v = 72 - k. What is the tens digit of v?
2
Suppose a - 4*a = -2*h - 48, 3*a = -2*h + 48. Suppose -3*r = 2*y - 13, -3*y = -y + 2*r - a. What is the tens digit of y?
1
Let l = 58 + -97. Let m = 66 + l. What is the units digit of m?
7
Suppose 4 = -5*u + 2*g - 3*g, -2*u + 8 = -2*g. Suppose 4*q = 4*t - 4, 0*t - 5*t = 3*q + 19. Let k = u - t. What is the units digit of k?
2
Suppose -3*r + 0*r = 72. Let h be ((-9)/(-4))/(9/r). Let f = h - -8. What is the units digit of f?
2
Let w = 10 + -5. Suppose 5*v + t = 62, -w*v - t = t - 59. What is the tens digit of v?
1
Suppose 0 = 3*l - 4*l + 145. Suppose 0 = 4*x + x - l. What is the tens digit of x?
2
Suppose f = 5*c - 10, -3*c + 10 = 2*c - 2*f. What is the units digit of c?
2
Suppose -36 = -6*s + 3*s. What is the units digit of s?
2
Let p(y) = 8*y**2 + 2*y + 3. What is the units digit of p(-2)?
1
Let v(b) = 2*b**2 - 13*b - 8. What is the units digit of v(10)?
2
Let m(v) = -v**2 - 3*v**2 - 76 + 72 - 4*v**3 + 6*v**3. What is the units digit of m(3)?
4
Suppose 112 = 4*j - 0*j. What is the units digit of j?
8
Let f = -11 + -39. Let s = f - -71. What is the tens digit of s?
2
Let g(w) = -w**2 - 3*w - 3. Let u be g(-3). Let p = -6 - u. Let n(t) = 2*t**2 + 3*t - 3. What is the units digit of n(p)?
6
Let f(m) = m**3 + 5*m**2 - 8*m - 6. Let i be f(-6). Let p(u) = -u**3 + 4*u**2 - 2*u + 4. Let d be p(3). Suppose -d*l = -i*l - 2. What is the units digit of l?
2
Suppose 0 = -o - 0*o + 9. Let x = 13 - o. Suppose -2*l + x*l - 32 = 0. What is the tens digit of l?
1
Let z(k) = k**3 - 6*k**2 - 6*k - 18. What is the tens digit of z(8)?
6
Suppose 4*m = 2*j + 525 + 333, 4*m = 3*j + 863. What is the hundreds digit of m?
2
Let q be (-15)/(-24)*-2*-4. Suppose -q*y - 8 = -y. What is the units digit of y - -2 - -7*1?
7
Suppose 3 = z - 0. Let p = -6 + 10. Sup